(-2)/(-10) + 6/(-5). Let y be o(z). Let n be 0 + -2 - (y + -5). Calculate the greatest common factor of n and 1.
1
Let q(s) = 13 + 0*s + s**3 + 9 + s - s**2. Let t = -11 - -11. Let y be q(t). Calculate the highest common factor of 2 and y.
2
Suppose -12*z + 11*z = -19. What is the greatest common factor of z and 133?
19
Let x be 1*-14*(5 + 45/(-6)). Calculate the greatest common factor of x and 245.
35
Suppose -3*i - 68 = 28. Let o = -20 - i. Calculate the greatest common divisor of o and 18.
6
Suppose -84 = -4*k - 0*k. Suppose -5*r - 1 + k = 0. Suppose y - 14 = -r. Calculate the greatest common factor of 5 and y.
5
Suppose w - 62 + 39 = 0. What is the highest common factor of 46 and w?
23
Let l be (-7)/(-1)*(0 - -3). Calculate the greatest common factor of l and 3.
3
Let j = -18 + 33. Suppose -174 + 39 = -z. What is the highest common divisor of z and j?
15
Suppose -i + 1 = -10. Calculate the highest common divisor of 11 and i.
11
Let l be (1/5)/((-5)/(-25)). Calculate the greatest common divisor of 5 and l.
1
Suppose -11 = -5*r + 39. What is the highest common divisor of 4 and r?
2
Suppose 3*y = y - 5*l + 70, -5*y + l + 175 = 0. Calculate the highest common divisor of 7 and y.
7
Suppose -3*x + 2*u + 44 = -3*u, -5*u = 2*x + 4. Let o = -3 + x. Let b = 40 + 0. What is the highest common factor of b and o?
5
Suppose -9 = -2*i + 27. Suppose -3*j = g - 15, g - 19 = j - 6*j. Calculate the highest common factor of g and i.
9
Let j = 68 + -12. Suppose 0 = -m + 4*m. Let c = 7 + m. What is the greatest common divisor of c and j?
7
Let v be 493/11 - (-16)/88. Let x = v - 29. Calculate the highest common divisor of x and 16.
16
Suppose z + 1 = 2*x + 3, -5*z - x - 1 = 0. Suppose 4*i - 7*i + 255 = z. Suppose n - 204 = -5*n. Calculate the highest common factor of i and n.
17
Let r(d) = -d + 2. Let f = -8 + 2. Let p be r(f). Suppose 5*w = 3*s + 572, 5*w = -p*s + 3*s + 580. Calculate the greatest common factor of w and 23.
23
Suppose 0 = -2*g + 2 + 4. Let q be 5*(g + -1 + -1). What is the greatest common divisor of q and 15?
5
Let r be (0 - (-3 + 31))/(-2). Let m(g) = 15*g**2 + g - 2. Let s be (-2)/3*6/2. Let w be m(s). What is the highest common factor of w and r?
14
Suppose -4*h + 53 + 19 = 3*c, 3*c + 2*h - 66 = 0. What is the greatest common divisor of c and 4?
4
Let p(g) = 12*g**2 - 3. Let j be p(-3). Calculate the greatest common factor of 15 and j.
15
Let z = -5 - -6. Let b = -4 + 7. Suppose -5*p + 13 = b, p = -4*c + 6. Calculate the highest common divisor of c and z.
1
Let n be 18/(-63) - (-1446)/14. Suppose -n + 19 = -3*v. Calculate the greatest common divisor of 70 and v.
14
Let t be 3/1*(2 - -3). Suppose 0 = -0*y - y + t. Let i(r) = -134*r**3 - 2*r - 1. Let c be i(-1). What is the greatest common divisor of c and y?
15
Let v = -29 - -43. Suppose 3*l - l + 3*b = v, -l = b - 8. Calculate the greatest common divisor of 10 and l.
10
Suppose 0 = 2*i - i - 3*m - 107, 0 = 3*m + 3. Let s = 25 - 12. What is the greatest common divisor of s and i?
13
Let h(l) = -l**2 + 4*l. Let x be h(3). Let q(w) = -w**3 + 4*w**2 - 3*w + 3. Let v be q(x). What is the highest common divisor of 33 and v?
3
Let c(a) = 3*a - 1. Let m be c(7). Suppose m = f - 2. What is the highest common factor of 242 and f?
22
Let a(n) = 21*n**3. Let r be a(1). What is the greatest common divisor of r and 14?
7
Suppose 0*l - 4*l + 32 = -h, -4*l + 28 = -2*h. Let i(a) = 3*a**2 - 15*a + 9. Let k be i(6). What is the highest common divisor of l and k?
9
Let w(t) = 3*t - 23. Let y be w(17). What is the highest common divisor of 14 and y?
14
Let y = 122 - 59. What is the highest common divisor of 126 and y?
63
Let v(a) be the first derivative of a**3/3 + a**2 - 7*a - 1. Let f be v(5). What is the highest common divisor of f and 14?
14
Let h(f) = -2*f + 6. Let a be h(-9). Let o = -51 + 111. What is the highest common factor of a and o?
12
Let s = 4 + -7. Let i = s + 7. Suppose r - 1 = 3*k, 2*r + 2 - 4 = -i*k. What is the greatest common factor of 11 and r?
1
Suppose 0 = 5*i + 21 + 4. Suppose 8 = -z - 3*l - 4, 3*z + 36 = -3*l. Let t = i - z. Calculate the highest common factor of t and 77.
7
Suppose 0 = 3*r, -4*o + 153 = 5*r - 159. Suppose -o - 72 = -5*c. What is the greatest common divisor of c and 12?
6
Suppose -1 + 9 = 4*o. Suppose -7 = -2*n + 1. What is the highest common divisor of n and o?
2
Let j(g) be the first derivative of -7*g**2/2 - 2*g + 11. Let r be -3*(-1)/((-6)/4). Let d be j(r). Calculate the highest common factor of 24 and d.
12
Let j be 1/1 + 0 - -9. Let l = 1 - 9. Let k = 38 + l. Calculate the highest common divisor of k and j.
10
Let b(y) = -4*y + 8. Let u be b(-5). What is the greatest common factor of u and 308?
28
Suppose 0 = -3*m + 5*p + 22 + 30, 72 = 5*m - p. Calculate the highest common divisor of m and 56.
14
Let b(k) = -6*k + 2. Let z be b(-3). Calculate the highest common divisor of z and 30.
10
Let y be (1/(-2))/((-3)/120). Let d(b) = -11*b**3 + 2*b + 1. Let u be d(-1). What is the highest common divisor of y and u?
10
Let d(l) = 43*l - 3. Let m be d(1). Calculate the highest common divisor of m and 20.
20
Let w = 62 + -27. Suppose v - 2*v + 60 = 0. Suppose 0 = -4*y - 3*q + 41, 3*q - q = -5*y + v. Calculate the highest common divisor of y and w.
7
Suppose 0 = 4*s + 3 - 11. Suppose -3*k + 23 = q + 9, 0 = 4*q + s*k - 16. What is the greatest common factor of q and 2?
2
Let r(g) = g**2 - 8 + 2 + 3*g + 2. Suppose 2*s + 3*s + 25 = 0. Let d be r(s). What is the highest common divisor of d and 54?
6
Suppose -2*r + 30 = 3*r - 5*f, -2*f + 20 = 2*r. Calculate the highest common divisor of r and 16.
8
Let p be (3/1 - 3) + 0. Suppose p = 2*z - z - 19. What is the highest common divisor of 57 and z?
19
Suppose -i + f = 0, -3*f - f - 4 = -5*i. Suppose -3*z = -4*g + 61, -g - 3*g - z + 65 = 0. What is the greatest common divisor of g and i?
4
Let z be (-35)/(-15) + (-2)/6. Let i(w) = 1 + 0 - 3*w - z*w. Let h be i(-1). Calculate the greatest common divisor of 15 and h.
3
Suppose 0 = -0*y + 3*y + 69. Let c = y - -55. Let u(a) = 4*a**2 - 4*a. Let n be u(4). What is the greatest common factor of n and c?
16
Let c be (-1)/(-4) - (-502)/8. Let l be -21*3*5/(-45). Calculate the greatest common factor of l and c.
7
Let d(j) = 7*j**2 - 9*j + 6. Let x be d(7). Let l = 72 + x. Let h be 2/5 + l/5. Calculate the highest common factor of h and 9.
9
Suppose -3*r = 5*d - 17, -2*r - r - 2*d + 14 = 0. Suppose 0 = 2*m - 3*m - 60. Let l be (-8)/(-3)*m/(-16). Calculate the greatest common divisor of r and l.
2
Let i = 12 - -4. Let j = i - 10. Let z be (-146)/(-6) + 5/(-15). What is the highest common divisor of j and z?
6
Suppose 2*w = -5*d - 0 + 2, -2*d = 2*w - 8. What is the highest common divisor of 6 and w?
6
Let b = 36 + -8. Calculate the greatest common factor of 84 and b.
28
Let z(q) = -3*q - 22. Let d be z(-13). What is the highest common divisor of 68 and d?
17
Let j(p) = 9*p**2 - 2*p + 1. Let v be j(-4). Let n(k) = -k**2 - 9*k - 3. Let x = -7 + 2. Let s be n(x). What is the highest common divisor of v and s?
17
Suppose j = 2*n - 0*j + 267, -3*n - 407 = 5*j. Let w be n/(-6) - 3/9. Calculate the highest common divisor of 2 and w.
2
Let y(b) = -41*b - 2. Let t be y(-2). Suppose 4*m - 14 = 3*u - 6*u, -3*u - m + 26 = 0. Calculate the highest common divisor of t and u.
10
Let f = -1 - -3. Suppose -2*n - 58 = -f*a, 2*a - 5*n - 61 = -0*a. Suppose -3*r + a + 5 = 0. What is the greatest common factor of r and 121?
11
Let l(i) = 22*i - 2. Let p be l(5). Suppose -3*c + 48 = c. What is the highest common factor of c and p?
12
Let c = 32 - 12. Calculate the greatest common divisor of 20 and c.
20
Suppose -5*r + 2485 = -0*r. Suppose 3*h - 97 = 5*n + 190, -5*h + r = n. Calculate the highest common factor of h and 9.
9
Suppose 2*n = 6 + 8. Let j = 16 - n. Calculate the highest common factor of 27 and j.
9
Suppose -82 = -4*g - 2. Let b = -7 - -25. Let f be (-2)/(-9) - (-176)/b. What is the greatest common divisor of f and g?
10
Suppose 3*l - 2*v - 109 = 124, -344 = -4*l - 4*v. What is the greatest common factor of 9 and l?
9
Let h(f) = 5*f**3 - 1. Let b be h(-1). Let x = 10 + b. What is the greatest common factor of x and 20?
4
Suppose 0 = -n + 1 + 4. What is the greatest common factor of 20 and n?
5
Let k be 1